{"id":406,"date":"2019-04-21T13:28:04","date_gmt":"2019-04-21T17:28:04","guid":{"rendered":"https:\/\/yanncanno.com\/?page_id=406"},"modified":"2019-10-16T10:02:25","modified_gmt":"2019-10-16T14:02:25","slug":"mariage-famille","status":"publish","type":"page","link":"https:\/\/yanncanno.com\/?page_id=406","title":{"rendered":"Mariage &#038; famille"},"content":{"rendered":"<h1>Mariage &#038; famille<\/h1>\n<div>\n<p>Durant cette journ\u00e9e vous \u00eates le centre d\u2019attention et vous devez savourer chaque moment. Je dois m\u2019assurer que cette belle journ\u00e9e se passera comme vous le d\u00e9sirez.<\/p>\n<p>Depuis 1999 j\u2019ai la chance que vous me partagiez l\u2019int\u00e9gralit\u00e9 de votre mariage. Je suis choy\u00e9 de pouvoir transmettre en image les instants v\u00e9cus de la mari\u00e9e et du mari\u00e9 en pr\u00e9paration avant de dire OUI.<\/p>\n<p>Un mariage stylis\u00e9 et adapt\u00e9 \u00e0 vos besoins et diff\u00e9rent \u00e0 chaque couple. Autant au niveau du concept que la prise de vue et ce, tout au cour de votre journ\u00e9e.<\/p>\n<p>Que ce soit pour le mariage et les photos de famille je travail toujours dans le respect, l\u2019inspiration et de la simplicit\u00e9, je veux marquer le temps par les expressions, les traits du visage et l\u2019\u00e9tat d\u2019\u00e2me des gents que vous \u00eates.<\/p>\n<\/div>\n<ul>\n<li>\n<p>        <img decoding=\"async\" src=\"wp-content\/uploads\/WEB-mariage-famille001.jpg\" alt=\"\"><\/p>\n<h3>WEB mariage-famille001<\/h3>\n<\/li>\n<li>\n<p>        <img decoding=\"async\" src=\"wp-content\/uploads\/WEB-mariage-famille002.jpg\" alt=\"\"><\/p>\n<h3>WEB mariage-famille002<\/h3>\n<\/li>\n<li>\n<p>        <img decoding=\"async\" src=\"wp-content\/uploads\/WEB-mariage-famille003.jpg\" alt=\"\"><\/p>\n<h3>WEB mariage-famille003<\/h3>\n<\/li>\n<li>\n<p>        <img decoding=\"async\" src=\"wp-content\/uploads\/WEB-mariage-famille004.jpg\" alt=\"\"><\/p>\n<h3>WEB mariage-famille004<\/h3>\n<\/li>\n<li>\n<p>        <img decoding=\"async\" src=\"wp-content\/uploads\/WEB-mariage-famille005.jpg\" alt=\"\"><\/p>\n<h3>WEB mariage-famille005<\/h3>\n<\/li>\n<li>\n<p>        <img decoding=\"async\" src=\"wp-content\/uploads\/WEB-mariage-famille006.jpg\" alt=\"\"><\/p>\n<h3>WEB mariage-famille006<\/h3>\n<\/li>\n<li>\n<p>        <img decoding=\"async\" src=\"wp-content\/uploads\/WEB-mariage-famille007.jpg\" alt=\"\"><\/p>\n<h3>WEB mariage-famille007<\/h3>\n<\/li>\n<li>\n<p>        <img decoding=\"async\" src=\"wp-content\/uploads\/WEB-mariage-famille008.jpg\" alt=\"\"><\/p>\n<h3>WEB mariage-famille008<\/h3>\n<\/li>\n<li>\n<p>        <img decoding=\"async\" src=\"wp-content\/uploads\/WEB-mariage-famille009.jpg\" alt=\"\"><\/p>\n<h3>WEB mariage-famille009<\/h3>\n<\/li>\n<li>\n<p>        <img decoding=\"async\" src=\"wp-content\/uploads\/WEB-mariage-famille010.jpg\" alt=\"\"><\/p>\n<h3>WEB mariage-famille010<\/h3>\n<\/li>\n<li>\n<p>        <img decoding=\"async\" src=\"wp-content\/uploads\/WEB-mariage-famille011.jpg\" alt=\"\"><\/p>\n<h3>WEB mariage-famille011<\/h3>\n<\/li>\n<li>\n<p>        <img decoding=\"async\" src=\"wp-content\/uploads\/WEB-mariage-famille012.jpg\" alt=\"\"><\/p>\n<h3>WEB mariage-famille012<\/h3>\n<\/li>\n<li>\n<p>        <img decoding=\"async\" src=\"wp-content\/uploads\/WEB-mariage-famille013.jpg\" alt=\"\"><\/p>\n<h3>WEB mariage-famille013<\/h3>\n<\/li>\n<li>\n<p>        <img decoding=\"async\" src=\"wp-content\/uploads\/WEB-mariage-famille014.jpg\" alt=\"\"><\/p>\n<h3>WEB mariage-famille014<\/h3>\n<\/li>\n<li>\n<p>        <img decoding=\"async\" src=\"wp-content\/uploads\/WEB-mariage-famille015.jpg\" alt=\"\"><\/p>\n<h3>WEB mariage-famille015<\/h3>\n<\/li>\n<li>\n<p>        <img decoding=\"async\" src=\"wp-content\/uploads\/WEB-mariage-famille016.jpg\" alt=\"\"><\/p>\n<h3>WEB mariage-famille016<\/h3>\n<\/li>\n<li>\n<p>        <img decoding=\"async\" src=\"wp-content\/uploads\/WEB-mariage-famille017.jpg\" alt=\"\"><\/p>\n<h3>WEB mariage-famille017<\/h3>\n<\/li>\n<li>\n<p>        <img decoding=\"async\" src=\"wp-content\/uploads\/WEB-mariage-famille018.jpg\" alt=\"\"><\/p>\n<h3>WEB mariage-famille018<\/h3>\n<\/li>\n<li>\n<p>        <img decoding=\"async\" src=\"wp-content\/uploads\/WEB-mariage-famille019.jpg\" alt=\"\"><\/p>\n<h3>WEB mariage-famille019<\/h3>\n<\/li>\n<li>\n<p>        <img decoding=\"async\" src=\"wp-content\/uploads\/WEB-mariage-famille020.jpg\" alt=\"\"><\/p>\n<h3>WEB mariage-famille020<\/h3>\n<\/li>\n<li>\n<p>        <img decoding=\"async\" src=\"wp-content\/uploads\/WEB-mariage-famille021.jpg\" alt=\"\"><\/p>\n<h3>WEB mariage-famille021<\/h3>\n<\/li>\n<li>\n<p>        <img decoding=\"async\" src=\"wp-content\/uploads\/WEB-mariage-famille022.jpg\" alt=\"\"><\/p>\n<h3>WEB mariage-famille022<\/h3>\n<\/li>\n<li>\n<p>        <img decoding=\"async\" src=\"wp-content\/uploads\/WEB-mariage-famille023.jpg\" alt=\"\"><\/p>\n<h3>WEB mariage-famille023<\/h3>\n<\/li>\n<li>\n<p>        <img decoding=\"async\" src=\"wp-content\/uploads\/WEB-mariage-famille024.jpg\" alt=\"\"><\/p>\n<h3>WEB mariage-famille024<\/h3>\n<\/li>\n<li>\n<p>        <img decoding=\"async\" src=\"wp-content\/uploads\/WEB-mariage-famille025.jpg\" alt=\"\"><\/p>\n<h3>WEB mariage-famille025<\/h3>\n<\/li>\n<li>\n<p>        <img decoding=\"async\" src=\"wp-content\/uploads\/WEB-mariage-famille026.jpg\" alt=\"\"><\/p>\n<h3>WEB mariage-famille026<\/h3>\n<\/li>\n<li>\n<p>        <img decoding=\"async\" src=\"wp-content\/uploads\/WEB-mariage-famille028.jpg\" alt=\"\"><\/p>\n<h3>WEB mariage-famille028<\/h3>\n<\/li>\n<li>\n<p>        <img decoding=\"async\" src=\"wp-content\/uploads\/WEB-mariage-famille029.jpg\" alt=\"\"><\/p>\n<h3>WEB mariage-famille029<\/h3>\n<\/li>\n<li>\n<p>        <img decoding=\"async\" src=\"wp-content\/uploads\/WEB-mariage-famille030.jpg\" alt=\"\"><\/p>\n<h3>WEB mariage-famille030<\/h3>\n<\/li>\n<li>\n<p>        <img decoding=\"async\" src=\"wp-content\/uploads\/WEB-mariage-famille031.jpg\" alt=\"\"><\/p>\n<h3>WEB mariage-famille031<\/h3>\n<\/li>\n<li>\n<p>        <img decoding=\"async\" src=\"wp-content\/uploads\/WEB-mariage-famille032.jpg\" alt=\"\"><\/p>\n<h3>WEB mariage-famille032<\/h3>\n<\/li>\n<li>\n<p>        <img decoding=\"async\" src=\"wp-content\/uploads\/WEB-mariage-famille033.jpg\" alt=\"\"><\/p>\n<h3>WEB mariage-famille033<\/h3>\n<\/li>\n<li>\n<p>        <img decoding=\"async\" src=\"wp-content\/uploads\/WEB-mariage-famille034.jpg\" alt=\"\"><\/p>\n<h3>WEB mariage-famille034<\/h3>\n<\/li>\n<li>\n<p>        <img decoding=\"async\" src=\"wp-content\/uploads\/WEB-mariage-famille035.jpg\" alt=\"\"><\/p>\n<h3>WEB mariage-famille035<\/h3>\n<\/li>\n<li>\n<p>        <img decoding=\"async\" src=\"wp-content\/uploads\/WEB-mariage-famille036.jpg\" alt=\"\"><\/p>\n<h3>WEB mariage-famille036<\/h3>\n<\/li>\n<li>\n<p>        <img decoding=\"async\" src=\"wp-content\/uploads\/WEB-mariage-famille037.jpg\" alt=\"\"><\/p>\n<h3>WEB mariage-famille037<\/h3>\n<\/li>\n<li>\n<p>        <img decoding=\"async\" src=\"wp-content\/uploads\/WEB-mariage-famille038.jpg\" alt=\"\"><\/p>\n<h3>WEB mariage-famille038<\/h3>\n<\/li>\n<li>\n<p>        <img decoding=\"async\" src=\"wp-content\/uploads\/WEB-mariage-famille039.jpg\" alt=\"\"><\/p>\n<h3>WEB mariage-famille039<\/h3>\n<\/li>\n<li>\n<p>        <img decoding=\"async\" src=\"wp-content\/uploads\/WEB-mariage-famille040.jpg\" alt=\"\"><\/p>\n<h3>WEB mariage-famille040<\/h3>\n<\/li>\n<li>\n<p>        <img decoding=\"async\" src=\"wp-content\/uploads\/WEB-mariage-famille041.jpg\" alt=\"\"><\/p>\n<h3>WEB mariage-famille041<\/h3>\n<\/li>\n<li>\n<p>        <img decoding=\"async\" src=\"wp-content\/uploads\/WEB-mariage-famille042.jpg\" alt=\"\"><\/p>\n<h3>WEB mariage-famille042<\/h3>\n<\/li>\n<li>\n<p>        <img decoding=\"async\" src=\"wp-content\/uploads\/WEB-mariage-famille043.jpg\" alt=\"\"><\/p>\n<h3>WEB mariage-famille043<\/h3>\n<\/li>\n<li>\n<p>        <img decoding=\"async\" src=\"wp-content\/uploads\/WEB-mariage-famille044.jpg\" alt=\"\"><\/p>\n<h3>WEB mariage-famille044<\/h3>\n<\/li>\n<\/ul>\n<ul>\n<li>\n        <a href=\"index.php?page_id=28\">Pr\u00e9c\u00e9dent<\/a>\n    <\/li>\n<li>\n        <a href=\"index.php?page_id=680\">Suivant<\/a>\n    <\/li>\n<\/ul>\n<p><!-- {\"name\":\"Job Template\",\"type\":\"layout\",\"children\":[{\"name\":\"Project\",\"type\":\"section\",\"props\":{\"style\":\"secondary\",\"width\":\"expand\",\"image_position\":\"top-right\",\"header_transparent\":\"light\",\"padding\":\"\",\"image\":\"\",\"image_size\":\"cover\",\"media_blend_mode\":\"\",\"media_background\":null,\"image_effect\":\"parallax\",\"image_parallax_bgy_start\":\"-750\",\"image_parallax_bgy_end\":\"\",\"image_parallax_breakpoint\":\"m\",\"vertical_align\":\"middle\",\"title_position\":\"top-left\",\"title_rotation\":\"left\",\"title_breakpoint\":\"xl\",\"image_width\":\"1600\",\"image_height\":\"1600\",\"image_visibility\":\"m\",\"preserve_color\":false,\"text_color\":\"\",\"width_expand\":\"\",\"height\":\"\",\"animation\":\"\"},\"children\":[{\"name\":\"\",\"type\":\"row\",\"props\":{\"fixed_width\":\"large\",\"breakpoint\":\"m\",\"layout\":\"1-1\",\"margin\":\"xlarge\",\"gutter\":\"\",\"width\":\"\",\"width_expand\":\"\",\"height\":\"\",\"margin_remove_top\":false},\"children\":[{\"name\":\"\",\"type\":\"column\",\"props\":{\"image_position\":\"center-center\",\"widths\":[\"1-1\"],\"media_overlay_gradient\":\"\",\"vertical_align\":\"\",\"style\":\"\",\"text_color\":\"\",\"padding\":\"\"},\"children\":[{\"name\":\"\",\"type\":\"headline\",\"props\":{\"title_element\":\"h1\",\"content\":\"Mariage & famille\",\"text_align\":\"center\",\"title_style\":\"\",\"title_decoration\":\"\",\"title_color\":\"\",\"text_align_breakpoint\":\"\",\"text_align_fallback\":\"\",\"maxwidth\":\"\",\"maxwidth_align\":\"\",\"maxwidth_breakpoint\":\"\",\"margin\":\"large\",\"animation\":\"\",\"visibility\":\"\"}},{\"name\":\"\",\"type\":\"text\",\"props\":{\"column_breakpoint\":\"m\",\"margin\":\"default\",\"content\":\"\n\n<p>Durant cette journ\\u00e9e vous \\u00eates le centre d\\u2019attention et vous devez savourer chaque moment. Je dois m\\u2019assurer que cette belle journ\\u00e9e se passera comme vous le d\\u00e9sirez.<\\\/p>\\n\n\n<p>Depuis 1999 j\\u2019ai la chance que vous me partagiez l\\u2019int\\u00e9gralit\\u00e9 de votre mariage. Je suis choy\\u00e9 de pouvoir transmettre en image les instants v\\u00e9cus de la mari\\u00e9e et du mari\\u00e9 en pr\\u00e9paration avant de dire OUI.<\\\/p>\\n\n\n<p>Un mariage stylis\\u00e9 et adapt\\u00e9 \\u00e0 vos besoins et diff\\u00e9rent \\u00e0 chaque couple. Autant au niveau du concept que la prise de vue et ce, tout au cour de votre journ\\u00e9e.<\\\/p>\\n\n\n<p>Que ce soit pour le mariage et les photos de famille je travail toujours dans le respect, l\\u2019inspiration et de la simplicit\\u00e9, je veux marquer le temps par les expressions, les traits du visage et l\\u2019\\u00e9tat d\\u2019\\u00e2me des gents que vous \\u00eates.<\\\/p>\",\"maxwidth\":\"xxlarge\",\"text_align\":\"center\",\"maxwidth_align\":\"center\",\"text_style\":\"\",\"text_color\":\"\",\"text_size\":\"\",\"column\":\"1-2\",\"text_align_breakpoint\":\"\",\"text_align_fallback\":\"\",\"maxwidth_breakpoint\":\"\",\"animation\":\"\",\"visibility\":\"\",\"column_divider\":true}}]}]},{\"name\":\"\",\"type\":\"row\",\"props\":{\"fixed_width\":\"large\",\"breakpoint\":\"m\",\"layout\":\"1-1\"},\"children\":[{\"name\":\"\",\"type\":\"column\",\"props\":{\"widths\":[\"1-1\"],\"image_position\":\"center-center\",\"media_overlay_gradient\":\"\"},\"children\":[{\"name\":\"\",\"type\":\"gallery\",\"props\":{\"show_title\":false,\"show_meta\":true,\"show_content\":true,\"show_link\":true,\"show_hover_image\":true,\"grid_default\":\"1\",\"grid_medium\":\"3\",\"overlay_mode\":\"cover\",\"overlay_hover\":true,\"overlay_style\":\"overlay-primary\",\"text_color\":\"\",\"overlay_position\":\"center\",\"overlay_transition\":\"fade\",\"title_element\":\"h3\",\"meta_style\":\"meta\",\"meta_align\":\"below-title\",\"text_align\":\"center\",\"margin\":\"default\",\"grid_large\":\"5\",\"grid_xlarge\":\"6\",\"image_orientation\":true,\"image_width\":\"320\",\"lightbox\":true,\"lightbox_image_height\":\"900\",\"title_display\":\"item\",\"content_display\":\"\",\"grid_small\":\"2\",\"link_type\":\"element\",\"filter_style\":\"tab\",\"filter_all\":true,\"filter_position\":\"top\",\"filter_align\":\"left\",\"filter_grid_width\":\"auto\",\"filter_breakpoint\":\"m\",\"link_text\":\"Read more\",\"link_style\":\"default\",\"item_animation\":\"\",\"gutter\":\"\",\"filter_margin\":\"\",\"filter_gutter\":\"\",\"item_maxwidth\":\"\",\"overlay_padding\":\"\",\"overlay_margin\":\"\",\"overlay_maxwidth\":\"\",\"image_transition\":\"\",\"image_box_shadow\":\"\",\"image_hover_box_shadow\":\"\",\"image_box_decoration\":\"\",\"title_transition\":\"\",\"title_style\":\"\",\"title_decoration\":\"\",\"title_color\":\"\",\"title_margin\":\"\",\"meta_transition\":\"\",\"meta_color\":\"\",\"meta_margin\":\"\",\"content_transition\":\"\",\"content_style\":\"\",\"content_margin\":\"\",\"link_transition\":\"\",\"link_size\":\"\",\"link_margin\":\"\",\"text_align_breakpoint\":\"\",\"text_align_fallback\":\"\",\"maxwidth\":\"\",\"maxwidth_align\":\"\",\"maxwidth_breakpoint\":\"\",\"visibility\":\"\",\"css\":\".el-image {\\n    filter: url(\\\/wp-content\\\/uploads\\\/filters.svg#grayscale);\\n    filter: gray;\\n    opacity: 0.6;\\n    filter: alpha(opacity=60);\\n    -webkit-filter: grayscale(1);\\n    -moz-filter: grayscale(100%);\\n    -ms-filter: grayscale(100%);\\n}\"},\"children\":[{\"type\":\"gallery_item\",\"props\":{\"title\":\"WEB mariage-famille001\",\"image\":\"wp-content\\\/uploads\\\/WEB-mariage-famille001.jpg\"}},{\"type\":\"gallery_item\",\"props\":{\"title\":\"WEB mariage-famille002\",\"image\":\"wp-content\\\/uploads\\\/WEB-mariage-famille002.jpg\"}},{\"type\":\"gallery_item\",\"props\":{\"title\":\"WEB mariage-famille003\",\"image\":\"wp-content\\\/uploads\\\/WEB-mariage-famille003.jpg\"}},{\"type\":\"gallery_item\",\"props\":{\"title\":\"WEB mariage-famille004\",\"image\":\"wp-content\\\/uploads\\\/WEB-mariage-famille004.jpg\"}},{\"type\":\"gallery_item\",\"props\":{\"title\":\"WEB mariage-famille005\",\"image\":\"wp-content\\\/uploads\\\/WEB-mariage-famille005.jpg\"}},{\"type\":\"gallery_item\",\"props\":{\"title\":\"WEB mariage-famille006\",\"image\":\"wp-content\\\/uploads\\\/WEB-mariage-famille006.jpg\"}},{\"type\":\"gallery_item\",\"props\":{\"title\":\"WEB mariage-famille007\",\"image\":\"wp-content\\\/uploads\\\/WEB-mariage-famille007.jpg\"}},{\"type\":\"gallery_item\",\"props\":{\"title\":\"WEB mariage-famille008\",\"image\":\"wp-content\\\/uploads\\\/WEB-mariage-famille008.jpg\"}},{\"type\":\"gallery_item\",\"props\":{\"title\":\"WEB mariage-famille009\",\"image\":\"wp-content\\\/uploads\\\/WEB-mariage-famille009.jpg\"}},{\"type\":\"gallery_item\",\"props\":{\"title\":\"WEB mariage-famille010\",\"image\":\"wp-content\\\/uploads\\\/WEB-mariage-famille010.jpg\"}},{\"type\":\"gallery_item\",\"props\":{\"title\":\"WEB mariage-famille011\",\"image\":\"wp-content\\\/uploads\\\/WEB-mariage-famille011.jpg\"}},{\"type\":\"gallery_item\",\"props\":{\"title\":\"WEB mariage-famille012\",\"image\":\"wp-content\\\/uploads\\\/WEB-mariage-famille012.jpg\"}},{\"type\":\"gallery_item\",\"props\":{\"title\":\"WEB mariage-famille013\",\"image\":\"wp-content\\\/uploads\\\/WEB-mariage-famille013.jpg\"}},{\"type\":\"gallery_item\",\"props\":{\"title\":\"WEB mariage-famille014\",\"image\":\"wp-content\\\/uploads\\\/WEB-mariage-famille014.jpg\"}},{\"type\":\"gallery_item\",\"props\":{\"title\":\"WEB mariage-famille015\",\"image\":\"wp-content\\\/uploads\\\/WEB-mariage-famille015.jpg\"}},{\"type\":\"gallery_item\",\"props\":{\"title\":\"WEB mariage-famille016\",\"image\":\"wp-content\\\/uploads\\\/WEB-mariage-famille016.jpg\"}},{\"type\":\"gallery_item\",\"props\":{\"title\":\"WEB mariage-famille017\",\"image\":\"wp-content\\\/uploads\\\/WEB-mariage-famille017.jpg\"}},{\"type\":\"gallery_item\",\"props\":{\"title\":\"WEB mariage-famille018\",\"image\":\"wp-content\\\/uploads\\\/WEB-mariage-famille018.jpg\"}},{\"type\":\"gallery_item\",\"props\":{\"title\":\"WEB mariage-famille019\",\"image\":\"wp-content\\\/uploads\\\/WEB-mariage-famille019.jpg\"}},{\"type\":\"gallery_item\",\"props\":{\"title\":\"WEB mariage-famille020\",\"image\":\"wp-content\\\/uploads\\\/WEB-mariage-famille020.jpg\"}},{\"type\":\"gallery_item\",\"props\":{\"title\":\"WEB mariage-famille021\",\"image\":\"wp-content\\\/uploads\\\/WEB-mariage-famille021.jpg\"}},{\"type\":\"gallery_item\",\"props\":{\"title\":\"WEB mariage-famille022\",\"image\":\"wp-content\\\/uploads\\\/WEB-mariage-famille022.jpg\"}},{\"type\":\"gallery_item\",\"props\":{\"title\":\"WEB mariage-famille023\",\"image\":\"wp-content\\\/uploads\\\/WEB-mariage-famille023.jpg\"}},{\"type\":\"gallery_item\",\"props\":{\"title\":\"WEB mariage-famille024\",\"image\":\"wp-content\\\/uploads\\\/WEB-mariage-famille024.jpg\"}},{\"type\":\"gallery_item\",\"props\":{\"title\":\"WEB mariage-famille025\",\"image\":\"wp-content\\\/uploads\\\/WEB-mariage-famille025.jpg\"}},{\"type\":\"gallery_item\",\"props\":{\"title\":\"WEB mariage-famille026\",\"image\":\"wp-content\\\/uploads\\\/WEB-mariage-famille026.jpg\"}},{\"type\":\"gallery_item\",\"props\":{\"title\":\"WEB mariage-famille028\",\"image\":\"wp-content\\\/uploads\\\/WEB-mariage-famille028.jpg\"}},{\"type\":\"gallery_item\",\"props\":{\"title\":\"WEB mariage-famille029\",\"image\":\"wp-content\\\/uploads\\\/WEB-mariage-famille029.jpg\"}},{\"type\":\"gallery_item\",\"props\":{\"title\":\"WEB mariage-famille030\",\"image\":\"wp-content\\\/uploads\\\/WEB-mariage-famille030.jpg\"}},{\"type\":\"gallery_item\",\"props\":{\"title\":\"WEB mariage-famille031\",\"image\":\"wp-content\\\/uploads\\\/WEB-mariage-famille031.jpg\"}},{\"type\":\"gallery_item\",\"props\":{\"title\":\"WEB mariage-famille032\",\"image\":\"wp-content\\\/uploads\\\/WEB-mariage-famille032.jpg\"}},{\"type\":\"gallery_item\",\"props\":{\"title\":\"WEB mariage-famille033\",\"image\":\"wp-content\\\/uploads\\\/WEB-mariage-famille033.jpg\"}},{\"type\":\"gallery_item\",\"props\":{\"title\":\"WEB mariage-famille034\",\"image\":\"wp-content\\\/uploads\\\/WEB-mariage-famille034.jpg\"}},{\"type\":\"gallery_item\",\"props\":{\"title\":\"WEB mariage-famille035\",\"image\":\"wp-content\\\/uploads\\\/WEB-mariage-famille035.jpg\"}},{\"type\":\"gallery_item\",\"props\":{\"title\":\"WEB mariage-famille036\",\"image\":\"wp-content\\\/uploads\\\/WEB-mariage-famille036.jpg\"}},{\"type\":\"gallery_item\",\"props\":{\"title\":\"WEB mariage-famille037\",\"image\":\"wp-content\\\/uploads\\\/WEB-mariage-famille037.jpg\"}},{\"type\":\"gallery_item\",\"props\":{\"title\":\"WEB mariage-famille038\",\"image\":\"wp-content\\\/uploads\\\/WEB-mariage-famille038.jpg\"}},{\"type\":\"gallery_item\",\"props\":{\"title\":\"WEB mariage-famille039\",\"image\":\"wp-content\\\/uploads\\\/WEB-mariage-famille039.jpg\"}},{\"type\":\"gallery_item\",\"props\":{\"title\":\"WEB mariage-famille040\",\"image\":\"wp-content\\\/uploads\\\/WEB-mariage-famille040.jpg\"}},{\"type\":\"gallery_item\",\"props\":{\"title\":\"WEB mariage-famille041\",\"image\":\"wp-content\\\/uploads\\\/WEB-mariage-famille041.jpg\"}},{\"type\":\"gallery_item\",\"props\":{\"title\":\"WEB mariage-famille042\",\"image\":\"wp-content\\\/uploads\\\/WEB-mariage-famille042.jpg\"}},{\"type\":\"gallery_item\",\"props\":{\"title\":\"WEB mariage-famille043\",\"image\":\"wp-content\\\/uploads\\\/WEB-mariage-famille043.jpg\"}},{\"type\":\"gallery_item\",\"props\":{\"title\":\"WEB mariage-famille044\",\"image\":\"wp-content\\\/uploads\\\/WEB-mariage-famille044.jpg\"}}]}]}]}]},{\"name\":\"Navigation\",\"type\":\"section\",\"props\":{\"style\":\"secondary\",\"width\":\"default\",\"image_position\":\"center-center\",\"padding\":\"\",\"vertical_align\":\"middle\",\"title_position\":\"top-left\",\"title_rotation\":\"left\",\"title_breakpoint\":\"xl\",\"image_effect\":\"\",\"text_color\":\"\",\"width_expand\":\"\",\"height\":\"\",\"header_transparent\":\"\",\"animation\":\"\"},\"children\":[{\"name\":\"\",\"type\":\"row\",\"props\":{\"fixed_width\":\"large\",\"breakpoint\":\"m\",\"layout\":\"1-1\"},\"children\":[{\"name\":\"\",\"type\":\"column\",\"props\":{\"image_position\":\"center-center\",\"widths\":[\"1-1\"],\"media_overlay_gradient\":\"\"},\"children\":[{\"type\":\"button\",\"props\":{\"gutter\":\"small\",\"margin\":\"default\",\"button_size\":\"\",\"text_align\":\"center\",\"text_align_breakpoint\":\"\",\"text_align_fallback\":\"\",\"maxwidth\":\"\",\"maxwidth_align\":\"\",\"maxwidth_breakpoint\":\"\",\"animation\":\"\",\"visibility\":\"\"},\"children\":[{\"type\":\"button_item\",\"props\":{\"button_style\":\"primary\",\"icon_align\":\"left\",\"link_target\":\"\",\"link_title\":\"Suivant\",\"icon\":\"arrow-left\",\"content\":\"Pr\\u00e9c\\u00e9dent\",\"link\":\"index.php?page_id=28\"}},{\"type\":\"button_item\",\"props\":{\"button_style\":\"primary\",\"icon_align\":\"right\",\"link_target\":\"\",\"link_title\":\"Suivant\",\"icon\":\"arrow-right\",\"content\":\"Suivant\",\"link\":\"index.php?page_id=680\"}}]}]}]}]}],\"version\":\"1.19.2\",\"props\":[]} --><\/p>\n","protected":false},"excerpt":{"rendered":"<p>Mariage &#038; famille Durant cette journ\u00e9e vous \u00eates le centre d\u2019attention et vous devez savourer chaque moment. Je dois m\u2019assurer que cette belle journ\u00e9e se passera comme vous le d\u00e9sirez. Depuis 1999 j\u2019ai la chance que vous me partagiez l\u2019int\u00e9gralit\u00e9 de votre mariage. Je suis choy\u00e9 de pouvoir transmettre en image les instants v\u00e9cus de [&hellip;]<\/p>\n","protected":false},"author":1,"featured_media":0,"parent":22,"menu_order":0,"comment_status":"closed","ping_status":"closed","template":"","meta":{"footnotes":""},"_links":{"self":[{"href":"https:\/\/yanncanno.com\/index.php?rest_route=\/wp\/v2\/pages\/406"}],"collection":[{"href":"https:\/\/yanncanno.com\/index.php?rest_route=\/wp\/v2\/pages"}],"about":[{"href":"https:\/\/yanncanno.com\/index.php?rest_route=\/wp\/v2\/types\/page"}],"author":[{"embeddable":true,"href":"https:\/\/yanncanno.com\/index.php?rest_route=\/wp\/v2\/users\/1"}],"replies":[{"embeddable":true,"href":"https:\/\/yanncanno.com\/index.php?rest_route=%2Fwp%2Fv2%2Fcomments&post=406"}],"version-history":[{"count":6,"href":"https:\/\/yanncanno.com\/index.php?rest_route=\/wp\/v2\/pages\/406\/revisions"}],"predecessor-version":[{"id":771,"href":"https:\/\/yanncanno.com\/index.php?rest_route=\/wp\/v2\/pages\/406\/revisions\/771"}],"up":[{"embeddable":true,"href":"https:\/\/yanncanno.com\/index.php?rest_route=\/wp\/v2\/pages\/22"}],"wp:attachment":[{"href":"https:\/\/yanncanno.com\/index.php?rest_route=%2Fwp%2Fv2%2Fmedia&parent=406"}],"curies":[{"name":"wp","href":"https:\/\/api.w.org\/{rel}","templated":true}]}}