{"id":30,"date":"2017-05-19T15:09:38","date_gmt":"2017-05-19T15:09:38","guid":{"rendered":"https:\/\/yanncanno.com\/index.php\/book-me\/"},"modified":"2019-10-16T10:02:25","modified_gmt":"2019-10-16T14:02:25","slug":"book-me","status":"publish","type":"page","link":"https:\/\/yanncanno.com\/?page_id=30","title":{"rendered":"Contact"},"content":{"rendered":"<h1>On jase ?<\/h1>\n<div>\n<p>Plus de 10 ans d\u2019exp\u00e9rience \u00e0 titre de photoreporteur (ou reporter-photographe ). Depuis plus de 20 ans, propri\u00e9taire d\u2019un grand studio-photo portrait. Dynamiste, cr\u00e9ativit\u00e9 et passion me permettent de cr\u00e9er le reflet des photos qui s\u2019harmonise avec votre personnalit\u00e9.<\/p>\n<p>C\u2019est dans un esprit de respect, d\u2019\u00e9coute, t\u2019int\u00e9grit\u00e9 et de plaisir que ma solide exp\u00e9rience, tant au niveau photographique qu\u2019au niveau humain, me permet aujourd\u2019hui de r\u00e9pondre \u00e0 vos attentes.<\/p>\n<\/div>\n<div><a href=\"mailto:email@example.com\"><a href=\"mailto:photo@yanncanno.com\">photo@yanncanno.com<\/a><\/a><\/div>\n<div><a href=\"tel:+44 555 00 00 15\"><a href=\"tel:514-821-1844\">514.821.1844<\/a><\/a><\/div>\n<div>\n<p>214 Joffre, McMasterville<br \/>Qu\u00e9bec, J3G 1B6<\/p>\n<\/div>\n<p>\n    <a href=\"https:\/\/goo.gl\/maps\/f9mEN8zyMz3YYDdF9\">Studio sur google map<\/a>\n<\/p>\n<p><!-- {\"name\":\"\",\"type\":\"layout\",\"children\":[{\"name\":\"Contact\",\"type\":\"section\",\"props\":{\"style\":\"secondary\",\"width\":\"large\",\"image_position\":\"center-center\",\"header_transparent\":\"light\",\"padding\":\"xlarge\",\"vertical_align\":\"middle\",\"title_position\":\"top-left\",\"title_rotation\":\"left\",\"title_breakpoint\":\"xl\",\"padding_remove_bottom\":true,\"height\":\"expand\",\"image_effect\":\"\"},\"children\":[{\"name\":\"\",\"type\":\"row\",\"props\":{\"fixed_width\":\"large\",\"breakpoint\":\"m\",\"layout\":\"1-1\",\"margin\":\"large\"},\"children\":[{\"name\":\"\",\"type\":\"column\",\"props\":{\"image_position\":\"center-center\",\"widths\":[\"1-1\"],\"media_overlay_gradient\":\"\"},\"children\":[{\"name\":\"\",\"type\":\"headline\",\"props\":{\"title_element\":\"h1\",\"content\":\"On jase ?\",\"title_style\":\"heading-hero\",\"title_decoration\":\"\",\"title_color\":\"\",\"text_align\":\"\",\"text_align_breakpoint\":\"\",\"text_align_fallback\":\"\",\"maxwidth\":\"\",\"maxwidth_align\":\"\",\"maxwidth_breakpoint\":\"\",\"margin\":\"\",\"animation\":\"\",\"visibility\":\"\"}},{\"name\":\"\",\"type\":\"divider\",\"props\":{\"divider_element\":\"div\",\"divider_style\":\"small\"}}]}]},{\"name\":\"\",\"type\":\"row\",\"props\":{\"fixed_width\":\"large\",\"breakpoint\":\"m\",\"layout\":\",\",\"margin\":\"default\",\"gutter\":\"large\"},\"children\":[{\"name\":\"\",\"type\":\"column\",\"props\":{\"image_position\":\"center-center\",\"widths\":[\"\"],\"media_overlay_gradient\":\"\"},\"children\":[{\"name\":\"\",\"type\":\"text\",\"props\":{\"column_breakpoint\":\"m\",\"margin\":\"default\",\"content\":\"\n\n<p>Plus de 10 ans d\\u2019exp\\u00e9rience \\u00e0 titre de photoreporteur (ou reporter-photographe ). Depuis plus de 20 ans, propri\\u00e9taire d\\u2019un grand studio-photo portrait. Dynamiste, cr\\u00e9ativit\\u00e9 et passion me permettent de cr\\u00e9er le reflet des photos qui s\\u2019harmonise avec votre personnalit\\u00e9.<\\\/p>\\n\n\n<p>C\\u2019est dans un esprit de respect, d\\u2019\\u00e9coute, t\\u2019int\\u00e9grit\\u00e9 et de plaisir que ma solide exp\\u00e9rience, tant au niveau photographique qu\\u2019au niveau humain, me permet aujourd\\u2019hui de r\\u00e9pondre \\u00e0 vos attentes.<\\\/p>\",\"text_size\":\"\",\"text_style\":\"\",\"maxwidth\":\"xlarge\",\"text_color\":\"primary\",\"column\":\"\",\"text_align\":\"\",\"text_align_breakpoint\":\"\",\"text_align_fallback\":\"\",\"maxwidth_align\":\"\",\"maxwidth_breakpoint\":\"\",\"animation\":\"\",\"visibility\":\"\"}}]},{\"name\":\"\",\"type\":\"column\",\"props\":{\"image_position\":\"center-center\",\"widths\":[\"\"],\"media_overlay_gradient\":\"\"},\"children\":[{\"name\":\"\",\"type\":\"headline\",\"props\":{\"title_element\":\"div\",\"content\":\"<a href=\\\"mailto:photo@yanncanno.com\\\">photo@yanncanno.com<\\\/a>\",\"title_style\":\"h3\",\"margin\":\"remove-vertical\",\"visibility\":\"s\",\"link\":\"mailto:email@example.com\",\"title_decoration\":\"\",\"title_color\":\"\",\"text_align\":\"\",\"text_align_breakpoint\":\"\",\"text_align_fallback\":\"\",\"maxwidth\":\"\",\"maxwidth_align\":\"\",\"maxwidth_breakpoint\":\"\",\"animation\":\"\"}},{\"name\":\"\",\"type\":\"headline\",\"props\":{\"title_element\":\"div\",\"content\":\"<a href=\\\"tel:514-821-1844\\\">514.821.1844<\\\/a>\",\"margin\":\"large\",\"title_style\":\"h3\",\"link\":\"tel:+44 555 00 00 15\",\"visibility\":\"s\",\"margin_remove_top\":true,\"title_decoration\":\"\",\"title_color\":\"\",\"text_align\":\"\",\"text_align_breakpoint\":\"\",\"text_align_fallback\":\"\",\"maxwidth\":\"\",\"maxwidth_align\":\"\",\"maxwidth_breakpoint\":\"\",\"animation\":\"\",\"css\":\".el-element a {\\n color: white;\\n}\"}},{\"name\":\"\",\"type\":\"text\",\"props\":{\"margin\":\"\",\"column_breakpoint\":\"m\",\"content\":\"\n\n<p>214 Joffre, McMasterville<br \\\/>Qu\\u00e9bec, J3G 1B6<\\\/p>\",\"text_style\":\"lead\",\"text_color\":\"primary\",\"text_size\":\"large\",\"class\":\"uk-text-primary\",\"margin_remove_bottom\":false,\"column\":\"\",\"text_align\":\"\",\"text_align_breakpoint\":\"\",\"text_align_fallback\":\"\",\"maxwidth\":\"\",\"maxwidth_align\":\"\",\"maxwidth_breakpoint\":\"\",\"animation\":\"\",\"visibility\":\"\"}},{\"name\":\"\",\"type\":\"button\",\"props\":{\"gutter\":\"small\",\"margin\":\"default\",\"button_size\":\"\",\"text_align\":\"\",\"text_align_breakpoint\":\"\",\"text_align_fallback\":\"\",\"maxwidth\":\"\",\"maxwidth_align\":\"\",\"maxwidth_breakpoint\":\"\",\"animation\":\"\",\"visibility\":\"\"},\"children\":[{\"name\":\"\",\"type\":\"button_item\",\"props\":{\"button_style\":\"text\",\"icon_align\":\"left\",\"content\":\"Studio sur google map\",\"link\":\"https:\\\/\\\/goo.gl\\\/maps\\\/f9mEN8zyMz3YYDdF9\",\"icon\":\"\",\"link_target\":\"blank\",\"lightbox_width\":\"800\",\"lightbox_height\":\"600\"}}]}]}]}]}],\"props\":[],\"version\":\"1.19.2\"} --><\/p>\n","protected":false},"excerpt":{"rendered":"<p>On jase ? Plus de 10 ans d\u2019exp\u00e9rience \u00e0 titre de photoreporteur (ou reporter-photographe ). Depuis plus de 20 ans, propri\u00e9taire d\u2019un grand studio-photo portrait. Dynamiste, cr\u00e9ativit\u00e9 et passion me permettent de cr\u00e9er le reflet des photos qui s\u2019harmonise avec votre personnalit\u00e9. C\u2019est dans un esprit de respect, d\u2019\u00e9coute, t\u2019int\u00e9grit\u00e9 et de plaisir que ma [&hellip;]<\/p>\n","protected":false},"author":1,"featured_media":0,"parent":0,"menu_order":3,"comment_status":"closed","ping_status":"closed","template":"","meta":{"footnotes":""},"_links":{"self":[{"href":"https:\/\/yanncanno.com\/index.php?rest_route=\/wp\/v2\/pages\/30"}],"collection":[{"href":"https:\/\/yanncanno.com\/index.php?rest_route=\/wp\/v2\/pages"}],"about":[{"href":"https:\/\/yanncanno.com\/index.php?rest_route=\/wp\/v2\/types\/page"}],"author":[{"embeddable":true,"href":"https:\/\/yanncanno.com\/index.php?rest_route=\/wp\/v2\/users\/1"}],"replies":[{"embeddable":true,"href":"https:\/\/yanncanno.com\/index.php?rest_route=%2Fwp%2Fv2%2Fcomments&post=30"}],"version-history":[{"count":9,"href":"https:\/\/yanncanno.com\/index.php?rest_route=\/wp\/v2\/pages\/30\/revisions"}],"predecessor-version":[{"id":295,"href":"https:\/\/yanncanno.com\/index.php?rest_route=\/wp\/v2\/pages\/30\/revisions\/295"}],"wp:attachment":[{"href":"https:\/\/yanncanno.com\/index.php?rest_route=%2Fwp%2Fv2%2Fmedia&parent=30"}],"curies":[{"name":"wp","href":"https:\/\/api.w.org\/{rel}","templated":true}]}}